Suppose 5*d = -3*s + 465 + 27, -5*d + 4*s + 464 = 0. Calculate the remainder when 116 is divided by ((-15)/(-9))/(-2 + 196/d).
36
Let t(x) = -x**2 + 14*x - 11. What is the remainder when 96 is divided by t(10)?
9
What is the remainder when -108*(75/(-20) + 3) is divided by (8/(-1))/(10/(-35))?
25
Let a(r) = 8*r**2 - r - 1. Suppose 0 = 2*u - 8*u - 12. Let o be a(u). Calculate the remainder when 6/o + (-108)/(-11) is divided by 4.
2
Let f(k) = 4*k**3 + 5*k**2 - 2*k - 7. Let b be f(3). Suppose 0 = 5*x - 25 - b. Let o = -122 + 185. What is the remainder when o is divided by x?
30
Let n = -19 - -21. Suppose -n*x - 64 + 312 = 0. Calculate the remainder when x is divided by 21.
19
Suppose 4*y = 4*a - 256, 3*a - 4*y = a + 132. Calculate the remainder when a is divided by 29.
4
Suppose 3*y = 2*s + 109, 0 = -3*y - 2*y - 5*s + 165. Calculate the remainder when 171 is divided by y.
31
Suppose 5*f - 95 = -5*h, 3*f - 106 = -5*h - 21. Let v = 1618 - 1535. What is the remainder when v is divided by h?
13
Let d = -215 - -461. What is the remainder when d is divided by 43?
31
Suppose 5*v - 14*v - 432 = 0. Let c = 14 - v. Calculate the remainder when c is divided by 8.
6
Let m = 14 - 10. Let r = -46 - -48. Suppose 5*u + 3*p - 96 = 0, r - 4 = -p. What is the remainder when u is divided by m?
2
Suppose -174 = j - 3*j + 3*x, -2*x = 0. What is the remainder when j is divided by 28?
3
Let u(r) = -r**3 - 6*r**2 + 3*r + 5. Let m be u(-10). Suppose 4*a - m = 213. Calculate the remainder when a is divided by 38.
33
Suppose -3*l + 157 + 212 = 0. Calculate the remainder when l is divided by -64*1*(-2)/4.
27
Let k(y) = 19*y**2 + y + 6. Let l be k(-6). Suppose 0 = -8*q + 4*q - l. What is the remainder when (q/(-36))/(2/24) is divided by 15?
12
Calculate the remainder when (-578)/(-6) + 8/108*9 is divided by (-42)/4*8/(-6).
13
Let n be 3/2*(-8028)/(-54). Suppose n = 2*m - 129. What is the remainder when m is divided by 45?
41
Let y = -282 - -298. What is the remainder when 177 is divided by y?
1
Let f = -7 - 40. Let i be f/(-9) - (-2)/(-9). Let s(n) = 4*n - 8. Calculate the remainder when 23 is divided by s(i).
11
Let r(y) = y**2 - 24*y - 31. Let t(v) = -19*v - 4. What is the remainder when t(-2) is divided by r(26)?
13
Calculate the remainder when -3 - (6/(-8))/(1/232) is divided by 44.
39
Suppose 0 = 28*d - 48*d + 1040. What is the remainder when d is divided by 16?
4
Suppose 0 = 21*p - 1008 - 63. Calculate the remainder when p is divided by 27.
24
Let a = 77 - 72. Calculate the remainder when a is divided by ((-32)/(-80))/((-1)/(-10)).
1
Let z(r) = -2*r**2 + r + 261. Let k be z(0). What is the remainder when 18 is divided by 1 + (k/27 - 2/3)?
8
Suppose -3*d + 6*d = 126. Suppose 0 = 3*g + 3*g - d. Suppose 0 = 2*u - g*u + 25. What is the remainder when u is divided by 2?
1
Suppose -4*r + 5*a = -3205, -5*r + 775 = -4*r + 4*a. Suppose 4*h + 688 = c - r, 3*h - 3*c + 1101 = 0. Calculate the remainder when 1/(-3*4/h) is divided by 12.
7
Suppose 7*c - 2*c - 10 = 0. Suppose 0 = -m + c - 4. What is the remainder when 42/(m/(-1)) + -1 is divided by 11?
9
Let q = 3 + -1. Suppose q*n + 4*y - 28 = 0, 33 = 4*n - n - 3*y. What is the remainder when 33 is divided by n?
9
Let v = 2 - 2. Suppose -2*q + 17 + 37 = v. Let l = -123 - -137. Calculate the remainder when q is divided by l.
13
Suppose 177 + 5827 = 19*n. What is the remainder when n is divided by 64?
60
Let u(c) = 6*c**2 - 7*c - 85. Calculate the remainder when u(-11) is divided by 28.
18
Let r be -51*(-2 + (-2 - 10/(-3))). Let q = r - 26. Calculate the remainder when 13 is divided by q.
5
Let f = -51 + 68. Suppose -f*p + 377 = -4*p. Calculate the remainder when 111 is divided by p.
24
Suppose 8*f - 10*f - 6 = 0. Let w = 4 - f. Suppose -w*x + 54 = -x. What is the remainder when 43 is divided by x?
7
Let q = 65 - 71. Let n(t) = -t**2 - 10*t + 18. What is the remainder when 80 is divided by n(q)?
38
Let m(f) = f - 7. Let y be m(8). Let a be y/2*2 - -47. Let o = 90 - a. What is the remainder when o is divided by 22?
20
Let g(v) = 70*v - 723. What is the remainder when 64 is divided by g(11)?
17
Suppose -3*b = 4*y - 235, -4*b + 304 = 2*y + y. Suppose 0 = h - 94 + b. Calculate the remainder when 73 is divided by h.
10
Suppose -3*p + 11 = 5*o - 26, -5*o = 4*p - 51. What is the remainder when 114 is divided by p?
2
Let u(k) = 6*k**2 - k. Suppose -2*x = 5*h + 6, -4*x - h + 12 = -3*h. Let w = 21 + 21. What is the remainder when w is divided by u(x)?
20
What is the remainder when 268 is divided by 51 - (-1 + 6/(-3))?
52
Let y = -1336 - -1358. What is the remainder when 230 is divided by y?
10
Let k(s) = 2*s**2 + 0*s**2 - 10*s - 6*s + 14. Calculate the remainder when k(12) is divided by 37.
36
Let j(x) = x**2 + 5*x + 7. Let m(n) = 2*n**3 - 4*n**2 + 6*n - 13. What is the remainder when m(3) is divided by j(-6)?
10
Suppose -4*f + 2*s + 36 = -20, -3*f - 2*s = -28. Calculate the remainder when 647 is divided by f.
11
Suppose -2*h + 5*l = h + 11, 8 = 4*h - l. Let i(y) = y**2 + 2*y + 2. What is the remainder when 49 is divided by i(h)?
15
Let o(v) = -12*v**3 + 2*v**2 + 18*v + 32. Calculate the remainder when o(-2) is divided by 16.
4
Let y = -130 + 163. Calculate the remainder when 295 is divided by y.
31
What is the remainder when (-24)/3 + 18 - -99 is divided by 11?
10
Let z(t) be the third derivative of t**5/30 + 3*t**4/8 + 3*t**3/2 - t**2. Suppose 0 = -16*g + 21*g - 110. Calculate the remainder when z(-8) is divided by g.
21
Suppose 3*c + 91 = 2*c. What is the remainder when 111 is divided by (-2)/6*c + (-16)/48?
21
Suppose 0 = 6*g - 13*g + 1715. Calculate the remainder when g is divided by 13.
11
Suppose 3*w + 0*k = -4*k + 8, w + 2*k = 2. Suppose 2*z - w*s = 76 - 22, -2*z = 5*s - 36. What is the remainder when 88 is divided by z?
19
Let g(a) = a**2 - 2*a + 2*a + 4 + 0*a + 3*a. Let s be (-4)/(-18) + 168/(-27). Calculate the remainder when 63 is divided by g(s).
19
Suppose -5*o = 3*d - 11, -2*d + 0 = 3*o - 7. Let v = -119 - -206. Calculate the remainder when v is divided by 14*2 - ((-12)/3 + d).
27
Let y(b) = 5*b + 181. Calculate the remainder when 2200 is divided by y(-30).
30
Let n be 4*(2/(-8) - -1). Suppose 27 = n*t - 18. Calculate the remainder when t is divided by (3 + (-10)/4)*(-24)/(-2).
3
Suppose -135 - 3 = -6*q. What is the remainder when 78 is divided by q?
9
What is the remainder when 86 is divided by (-18)/(-72) - 51/(-4)?
8
Calculate the remainder when 249 is divided by -1*((4 - 3)*-34 + 2).
25
Let k be (-55)/(-15) - (-1)/3. Suppose -5*w + 3*b = -116 - 3, k*w - 104 = -2*b. What is the remainder when 49 is divided by w?
24
Let w(v) = -v**2. Let l(i) = -5*i**2. Let b(y) = -3*l(y) + 6*w(y). Suppose 3 = 4*k - k. What is the remainder when 35 is divided by b(k)?
8
Suppose -g - 10 - 6 = -5*w, -3*g + 3*w + 12 = 0. Suppose -g = -h + 4*h. Calculate the remainder when (-127)/h + 3/(-9) is divided by 11.
9
Calculate the remainder when 41 is divided by 28/63 - 380/(-36).
8
Suppose 17 = -5*i + 107. What is the remainder when 64 is divided by i?
10
Suppose 0 = h - 3*m + 8, 5*h = m + 4*m + 10. Calculate the remainder when h is divided by 4.
3
Suppose 3*i + 5*a - 113 = -9, -3*i + 5*a = -94. Suppose -10*n = -61*n + 867. What is the remainder when i is divided by n?
16
Suppose 7*u = 6*u + 6*u. Suppose u = 4*o + 7*s - 8*s - 105, 5*s - 47 = -2*o. Calculate the remainder when 75 is divided by o.
23
Let r(k) = 3*k**2 - 62*k + 3. Calculate the remainder when 36 is divided by r(21).
12
Let f(q) = -2*q**3 - 3*q**2 + 5*q. Let x be f(-5). Let j = x + -111. Calculate the remainder when 151 is divided by j.
34
Let b = -242 + 268. Calculate the remainder when 127 is divided by b.
23
Suppose -43*z + 95 = -38*z. Calculate the remainder when 34 is divided by z.
15
What is the remainder when 23 is divided by -16 + 23 - 4/(-1)?
1
What is the remainder when 329 is divided by (-3 - (-14)/4)/(7/1512)?
5
Suppose 0 = 5*h + 2*j - 5*j - 3949, 5*h = -2*j + 3959. What is the remainder when h is divided by 13?
11
Let l = -9 + 28. Let n = 96 - 40. Calculate the remainder when n is divided by l.
18
Suppose 5*r - 5*b = -0*r + 40, 4*r - 26 = -2*b. What is the remainder when (-2 - -1)/(-25 + (-14706)/(-589)) is divided by r?
3
Suppose 73 + 14 = a. Suppose 5*z - 68 - a = 0. What